m = 232 + -218. Let h = 70 + m. What is the greatest common divisor of h and 140?
28
Let s = -24 - -24. Suppose s*a + a = 23. Suppose 90 = 2*y - 0*f + 3*f, 0 = y - 4*f - a. Calculate the greatest common factor of y and 13.
13
Suppose 0 = -8*d + 3*d + 2*b + 3460, -665 = -d - 5*b. Let g = -605 + d. Calculate the greatest common divisor of g and 17.
17
Let z(v) = 2*v**2 - 43*v + 220. Let y be z(5). What is the greatest common divisor of 869 and y?
11
Let w(v) = 14*v**3 - 5*v**2 - 9*v - 22. Let u be w(6). Calculate the greatest common divisor of u and 64.
16
Suppose 11*k + 1239 - 5485 = 0. Let r = -336 + k. Calculate the greatest common divisor of 50 and r.
50
Suppose 22*i - 12*h - 72 = 19*i, -38 = -2*i + 3*h. Let z be (-2)/(-5) + 708/30. What is the highest common divisor of z and i?
8
Suppose -5*t + 36 = 13*t. Let m(w) = -6*w - 2. Let o be 30/(-3) + (0 - -4). Let r be m(o). What is the greatest common factor of r and t?
2
Let a = 85 + -77. Let f = 31 - a. What is the greatest common divisor of 23 and f?
23
Let n(c) = -59*c + 11. Let l be n(-2). Let t = l - 127. Suppose t = -9*y + 11. What is the greatest common factor of y and 2?
1
Suppose -k + 3*n + 12474 = 0, -7*k + 11*k = -2*n + 49812. Calculate the greatest common divisor of k and 72.
72
Suppose -5*u + 2*h + 2045 = -0*h, u = -2*h + 397. Let p = -487 + 511. Suppose 38*s - p*s = 518. What is the highest common factor of s and u?
37
Suppose 83*r - 5*i = 79*r + 32, -2*r + 16 = 3*i. Calculate the highest common factor of 670 and r.
2
Let w = -10 + 12. Suppose 20 = w*b + 4*i, -b + 20 = -3*i - 15. Let x = 390 + -210. Calculate the highest common divisor of x and b.
20
Let v(d) = -2*d - 2. Let g be v(-7). Let i(l) = -l**2 + 17*l - 5. Let x be i(g). Suppose 0 = -7*y + 156 - 2. What is the highest common divisor of x and y?
11
Let d(x) = x**3 + 9*x**2 - 11*x + 2. Suppose m + 31 = -10. Let r = m - -31. Let w be d(r). Calculate the highest common factor of w and 30.
6
Suppose 255 = 4*a - f, -3 = -55*f + 52*f. What is the highest common divisor of a and 7744?
64
Let p = -351 + 506. Let b be -3 + 546/16 - 2/16. Calculate the highest common divisor of p and b.
31
Let h = -8045 + 8870. What is the greatest common factor of 525 and h?
75
Let d be 1751 - -2 - (-29)/29. Suppose -9*t = -91 - d. What is the greatest common divisor of 5 and t?
5
Suppose -3*d + 4*f = -1887, 2315 = 3*d + 5*f + 401. Suppose -10*p = 237 + d. Let w = p - -97. Calculate the highest common factor of 40 and w.
10
Let b(f) = -f**3 + 19*f**2 + 21*f - 33. Let z be b(20). Let l(d) = d**3 + 11*d**2 - 27*d + 5. Let m be l(z). What is the highest common divisor of m and 45?
9
Let x = -2262 - -2288. Let t = -6 + 19. Calculate the highest common factor of x and t.
13
Suppose -44*c + 16008 = 48*c. What is the greatest common factor of 162 and c?
6
Let l be 0 - 0 - (-1 + -3 + -8). Suppose -20*d + 5275 + 685 = 0. Let a = -118 + d. Calculate the highest common divisor of a and l.
12
Suppose -20 = 4*g, -2*d + 3*d = -2*g - 5. Suppose 0 = -4*x + 4*y + 22 + 26, 2*x - 45 = -d*y. What is the highest common factor of 60 and x?
15
Suppose -41*h + 118202 = -48094. What is the greatest common factor of h and 72?
24
Let g(k) = 2*k**2 - 17*k + 3. Let c be g(9). Suppose f + c*f - 3211 = 0. What is the greatest common factor of 38 and f?
19
Suppose -90*o - 5*n + 5605 = -86*o, -5*o + 2*n + 6965 = 0. Calculate the greatest common factor of o and 315.
45
Let s(l) be the third derivative of l**6/120 - l**5/12 - 11*l**4/24 + 3*l**2 - 4*l. Let d be s(8). Calculate the highest common divisor of 13 and d.
13
Let q be 1/2*(0 - 0). Suppose q = 4*f - 12 - 0. Suppose -f*w + 27 = 2*w + 2*x, 25 = 3*w - x. Calculate the greatest common divisor of w and 56.
7
Let g = -1535 + 2499. What is the greatest common divisor of g and 2?
2
Suppose 25*v + 6 = 26*v. Let r be v*((-6808)/(-120) - 6/(-10)). Calculate the greatest common divisor of 8 and r.
8
Suppose -y + 280 = 3*y. Let t(h) = 148*h - 502. Let s be t(5). What is the highest common divisor of y and s?
14
Let t = -3575 - -3917. What is the highest common divisor of t and 494?
38
Suppose 8*o = 5*w + 10*o, 3*w - 4*o = 26. Suppose -8*p - w*p = -100. Suppose 0 = 3*n - 3 - 3. Calculate the greatest common factor of n and p.
2
Let n = -135 + 205. Let p be (-1 - -2) + (-4)/1 + 22. Let x = 61 - p. Calculate the greatest common divisor of x and n.
14
Let d = -191 - -277. Let h(r) = 2*r - 5. Let b be h(5). Suppose 2*x = b*i + 92, 3*x - 5*x + d = -2*i. Calculate the greatest common divisor of 82 and x.
41
Let s(k) = 231*k + 478. Let y be s(-2). Calculate the greatest common factor of 184 and y.
8
Suppose -96*v + 101*v = 95. Suppose -4*p - 945 = -v*p. Suppose y - 5 - 2 = 0. What is the greatest common factor of y and p?
7
Let q be (-19 - 129/9)*-3. Suppose 20 = -2*o + 7*o. What is the greatest common divisor of q and o?
4
Let d(p) = 351*p + 9. Let r be d(-1). Let t be (-2)/(3*3/r). Calculate the greatest common factor of 38 and t.
38
Let b(j) = -j**2 + 5*j + 1. Let u be b(4). Let f be 1260/(u - 0) - 4. What is the greatest common divisor of 31 and f?
31
Let b be (8 - 240/15) + 18. Calculate the greatest common divisor of b and 4160.
10
Let d be (-8)/20 - 394/(-10). Let i(y) = 11*y**2 + 5. Let s be i(2). Let h = s - d. What is the highest common factor of 90 and h?
10
Suppose 2*j - 3 = s - 1, 0 = -4*j + s + 2. Suppose 11*g - 14*g + 63 = j. Calculate the highest common divisor of 147 and g.
21
Let l = -228 - -249. Suppose 0 = -l*r + 2001 - 636. Calculate the highest common factor of 299 and r.
13
Let n = -178 - -2562. Suppose -28*t - n = -9300. Calculate the greatest common factor of 26 and t.
13
Let q = 17095 + -17069. What is the highest common divisor of q and 1066?
26
Let l be 0/8 + 7*-1. Suppose -2*u + 24 = -4*d, -6*d + 2*d = -3*u + 38. Let a be (-1 + u)/1 + (l - -4). What is the greatest common factor of 30 and a?
10
Let x be (-1 + 0)/((-1)/25). Let l be 120 + 20/(-8)*-2. Suppose -4*r - r = -l. Calculate the greatest common factor of x and r.
25
Suppose -5*s = -8*k + 12*k - 5182, -k - 5*s + 1288 = 0. What is the highest common divisor of 22 and k?
22
Let f(q) = 3*q + 37. Let l be f(20). Suppose -93*m + l*m - 72 = 0. Calculate the highest common divisor of m and 14.
2
Let a(v) = 12*v**2 - 82*v - 2. Let k be a(7). Suppose 0 = -4*t - 4*i + 116, 3*t + 14*i = k*i + 85. Calculate the highest common divisor of 99 and t.
9
Let h(g) = 9*g + 25. Let k be h(-8). Let z be 0 - 4 - ((-3)/(-3) + k). What is the highest common factor of 70 and z?
14
Let t(q) = -87*q**3 - 11*q - 9. Let i be t(-1). What is the highest common divisor of 1691 and i?
89
Let l be (-20)/(-15)*12/(-8). Let w be 0/l + -6 - (-17 + 19). Let c be 2/w + 274/8 + 0. What is the highest common divisor of c and 340?
34
Let i = 997 + -960. Let r(m) = m**3 + 14*m**2 - 11*m + 9. Let v be r(-8). Calculate the greatest common factor of i and v.
37
Suppose 136 = 3*x - 20. Suppose w = x + 88. Calculate the highest common factor of 28 and w.
28
Suppose -23*h + 24 = 5*q - 21*h, -3*q + h + 10 = 0. Let a(z) = 6*z - 2. Let o be a(5). What is the greatest common divisor of q and o?
4
Let w(v) = -6*v + 243. Let b be 0/(-8 + (4 - 3)). Let g be w(b). What is the highest common factor of g and 54?
27
Suppose 0*c + 4 = 4*f + 2*c, 3*c = -2*f - 2. Let w = 2 - f. Let z be 111/12 + w + 1/(-4). What is the greatest common divisor of z and 9?
9
Suppose 4*u = -7*u + 9*u + 10498. Calculate the highest common factor of u and 29.
29
Suppose -9 = -2*i + 9. Suppose 37*y = 5*x + 33*y - 33, 0 = -x - y - 6. Calculate the greatest common factor of i and x.
1
Let l(j) = -19*j**2 - 3*j**3 - 59*j + 4*j**3 - 2*j**3 + 12 - 58 + 117*j. Let g be l(-22). What is the greatest common factor of g and 60?
10
Let v = 352 - 238. Let c = 128 - v. Calculate the greatest common factor of 126 and c.
14
Let l(i) = -i**2 + 9*i + 233. Let g(a) = -4*a**2 + 27*a + 698. Let n(t) = -2*g(t) + 7*l(t). Let m be n(0). Calculate the highest common factor of 47 and m.
47
Let k be (-30)/1*27/(-45). Suppose 11*a - 1008 = -a. Let q be (a/(-30))/7*-405. Calculate the highest common factor of q and k.
18
Let r be (-4)/8*62 - -3. Let n = r + -3. Let l = -10 - n. Calculate the greatest common divisor of l and 3.
3
Suppose 34 = c - 7*i + 11*i, -3*c - i =